common divisor of o and 721.
103
Suppose 3*k - 3*i - 39 - 72 = 0, 2*i = -k + 25. Calculate the greatest common divisor of k and 4070.
11
Suppose 2*p - 498 = -84. Let s = -6148 - -6194. Calculate the highest common divisor of s and p.
23
Let r be (((-2)/2)/(5/(-10)))/2. Let m(j) = -j**3 + 6*j**2 + 78*j - 474. Let f be m(7). What is the greatest common divisor of r and f?
1
Let k be ((-14)/4)/(-6*2/(-192)). Let b = -40 - k. Let x = -10 + b. What is the greatest common factor of x and 12?
6
Let d be 2/(9 - 632/72). Let h be 1/(-5) - 11361/(-105). Calculate the greatest common divisor of h and d.
9
Suppose -4*p + 12*p + 80 = 0. Let k(y) = -12*y - 6. Let i be k(p). Let b(f) = 8*f + 6. Let q be b(4). Calculate the highest common factor of i and q.
38
Suppose 38795 - 927473 = -18*g. Calculate the highest common factor of g and 21.
21
Suppose 2868 = -20*k + 3148. Let s = 2 - 15. Let l = 29 - s. What is the highest common divisor of k and l?
14
Suppose 159 = -6*q + 423. What is the highest common factor of 2563 and q?
11
Suppose -5*s + s - 1924 = -5*l, 0 = 4*l + 5*s - 1531. Let j = 906 + -762. Calculate the greatest common divisor of j and l.
48
Let o = -96 - 102. Let l be 3/(-3 - o/64). Let i(h) = -h**3 - h**2 - 2*h. Let n be i(-2). Calculate the highest common divisor of n and l.
8
Suppose -2*h + 20 = 3*x, 2*x + 8 = -0*x + 4*h. Let s = 130 + -77. Suppose 2*z + s = 3*f, z = -x*f - 0*z + 56. What is the greatest common divisor of 15 and f?
15
Let z(r) = r + 22. Let f be z(-20). Let u = 9 - 4. Let x = u + 27. What is the greatest common divisor of x and f?
2
Let n(t) = 2*t**2 - 4. Let c be n(2). Suppose 0 = -c*j + 12 - 20. Let r be (6/(-5))/(j/285*1). What is the greatest common factor of r and 19?
19
Let x = -57 - -56. Let h be 2*x*(-15)/10. Suppose 0 = q - 0*t - h*t - 87, -333 = -4*q - 3*t. Calculate the greatest common factor of 24 and q.
12
Let l be 1/(-5)*0 - (-39)/(-3)*-117. What is the highest common factor of l and 78?
39
Suppose -c + 1969 = 2*c - b, 0 = -3*c - 2*b + 1984. Let n(h) = h**3 - 22*h**2 + 22*h + 26. Let x be n(21). Calculate the highest common factor of c and x.
47
Let y(z) = 3*z**2 + 5*z + 4. Let r = 4 + 1. Suppose r*v - i = -5, v + v = i - 2. Let d be y(v). What is the greatest common divisor of d and 8?
2
Suppose 9*r - 2 = 52. Let f(n) = 2*n**3 - 2*n**2 + 4*n + 22. Let t be f(r). Calculate the greatest common factor of t and 58.
58
Let k(x) = 15*x**2 + 2*x - 1. Let y be k(-4). Let b = -20 + 22. Suppose 0 = -b*v + 5*v - 99. What is the greatest common factor of y and v?
33
Let l(b) = -679*b + 70. Let i be l(-3). Calculate the highest common factor of i and 43.
43
Let n be 4 + -1 + -1 + 8940/(-30). Let f = n - -326. What is the highest common divisor of f and 465?
15
Let j = 321 - 351. Let h be (-4)/j - 167930/(-525). Calculate the highest common factor of 20 and h.
20
Let g = 6938 + -6814. What is the highest common divisor of 2542 and g?
62
Let h(m) = 19*m - 613. Let l be h(28). Suppose 2*k = -2*k - 236. Let a = k - l. Calculate the highest common divisor of 242 and a.
22
Let l(m) = -m**3 - 7*m**2 + 8*m + 13. Suppose -5*w = -7 + 7. Suppose w = 5*h - 0 + 40. Let a be l(h). Calculate the highest common divisor of 117 and a.
13
Let f = -227 - -110. Let a = f - -115. Let o be (a/(-14))/((-18)/(-42))*48. Calculate the greatest common factor of 112 and o.
16
Let z(a) = 2 + 3*a + 4*a**2 - 11*a**2 + 6*a**2 + 4*a**2. Let k be z(-2). Calculate the highest common factor of 68 and k.
4
Let o = -3915 + 4159. Calculate the greatest common divisor of o and 122.
122
Let f(n) = -11*n - 11. Let v be f(-8). Suppose -2*j + 2 + 0 = 0, 0 = 2*w - 3*j - 117. Let g = v - w. What is the highest common factor of g and 187?
17
Let k = 166 - 148. Suppose d - 15*f = -k*f + 7, 0 = 2*d + 4*f - 14. Calculate the greatest common divisor of 448 and d.
7
Suppose -309 = -43*f + 293. Let c(y) = y**3 - 4*y**2 - 2*y + 4. Let h be c(4). Let m be (h + f)/(1/2). Calculate the greatest common divisor of m and 50.
10
Suppose -3*z = 10*z. Suppose -6*w + 740 + 1096 = z. What is the greatest common factor of 9 and w?
9
Let b(v) = 2*v**2 - v - 32. Let o be b(4). Let m be 1 + (-746)/(-4) + o/8. What is the highest common divisor of m and 17?
17
Let l(d) = 9*d + 131. Let v be l(-14). Let p = 7 - 5. Suppose 5*c = 5, -o - 94 = -p*o + v*c. What is the greatest common factor of 33 and o?
33
Let q = 52 - -41. Suppose -2*f - z - 96 = -3*f, f + 2*z = q. Let c be (5 + f)*(-6)/(-4). What is the highest common divisor of 60 and c?
30
Let u(a) = -358*a + 2196. Let j be u(6). What is the greatest common divisor of 21552 and j?
48
Let z = 1327 + -868. Let n = z + -213. Suppose n = -4*y + 6*y. Calculate the highest common factor of y and 82.
41
Let k = -1091 + 425. Let x = k - -685. What is the greatest common divisor of 1 and x?
1
Let v(c) = 16 - 1 - 8*c + 31 + 2. Let f be v(4). Suppose -3*y - 13 = -u, -2*y + f = -6*y. What is the greatest common divisor of 3 and u?
1
Let u = 10563 + -10511. What is the highest common divisor of 192 and u?
4
Suppose -5*u + q = -2*u - 1030, -2*q - 692 = -2*u. Let j = u + -297. What is the highest common factor of j and 495?
45
Suppose s - 5*o - 38 = 0, 0*s - 5*s - 4*o + 45 = 0. Let k = 1880 - 1191. What is the highest common divisor of s and k?
13
Let n = -5287 - -5752. Calculate the highest common factor of 45 and n.
15
Let o be (-447)/(-12) + (-3)/(-4). Suppose -518*k = 504*k - 1055*k + 4389. What is the greatest common divisor of o and k?
19
Let y be -21 - -10 - (-183 + -4). Calculate the highest common divisor of y and 44.
44
Let v(h) = 4 - 4 + 11 - 18*h + h**2. Let j be v(18). Suppose -5*a + 55 = 3*s, -2*a + 8*s - 3*s + 22 = 0. Calculate the greatest common divisor of j and a.
11
Suppose -5*b - c + 54 = 0, -45 = -5*b - 3*c + 17. Suppose 20*o = -4*o + 6000. Calculate the greatest common divisor of b and o.
10
Let b be (-1)/(((-100)/475)/(2 - -2)). Calculate the greatest common factor of b and 10222.
19
Let m(x) = 0*x**2 + 2 - x**2 + 0*x + x + 6*x. Let f be m(5). Let j be ((-768)/40)/(2/(-5)). Calculate the greatest common factor of j and f.
12
Suppose -34*g + 43*g - 3987 = 0. Let q = -403 + g. Calculate the greatest common factor of 88 and q.
8
Suppose -94*a = g - 97*a - 123, 0 = -3*g - a + 379. What is the greatest common divisor of 1710 and g?
18
Suppose 0 = -7*f + 388 - 367. Let p(m) = -2*m**2 + 13*m - 6. Let j(k) = 4*k**2 + 1. Let t be j(-1). Let g be p(t). What is the highest common factor of g and f?
3
Suppose 2754 = 61*m - 540. Calculate the greatest common divisor of m and 36.
18
Let i = -110804 + 110832. Suppose -5*w + 154 = -441. What is the highest common divisor of i and w?
7
Let l(r) = 103*r - 878. Let n be l(48). Calculate the greatest common factor of 19 and n.
19
Let f(h) = 26*h + 482. Let l be f(28). What is the greatest common factor of 220 and l?
110
Let z = -78 + 84. Let l be (-2 + 6/z)/(2/(-6)). What is the highest common factor of 114 and l?
3
Suppose x - 32800 = 4*w, -4*x + 679*w - 684*w = -131116. What is the greatest common factor of 48 and x?
48
Let c = -632 + 688. Let r be ((-6)/4)/((-28)/c) - -235. Calculate the highest common divisor of r and 42.
14
Suppose -1424*p = -1428*p + 1600. What is the highest common divisor of p and 175?
25
Suppose 5*s - 4*t = 1532, -2*s + 172 = -4*t - 448. Suppose 0 = 6*m - 22 + s. Let q = -43 - m. Calculate the greatest common divisor of q and 44.
4
Suppose h + 72 = f - 21, 181 = 2*f + 3*h. Let b be 4/(-40) - (-8283)/30. Calculate the highest common divisor of f and b.
92
Suppose 967 = 6*g - 803. Suppose -12*v - 47 = -755. What is the greatest common factor of g and v?
59
Let u(g) = 5*g - 53. Let f = -100 - -115. Let r be u(f). Calculate the greatest common factor of r and 198.
22
Suppose 0 = -29*o + 13*o - 112. Let n(b) = 8*b + 158. Let v be n(o). Let c = -17 + 51. Calculate the greatest common factor of c and v.
34
Suppose -115*i - 108*i + 44*i = 189*i - 5888. Let g(f) = -f**2 - 3*f + 1. Let c be g(-3). Calculate the highest common factor of c and i.
1
Suppose -12*n + 252 = -16*n. Let r be (-1)/(-3)*-1 - 13881/n. What is the highest common divisor of 20 and r?
20
Suppose -5*q - 6*q + 11 = 0. Suppose -q = f, 4*f - 47 = -5*o + 209. Calculate the highest common divisor of 117 and o.
13
Suppose -c